{"id":23,"date":"2026-01-26T23:17:11","date_gmt":"2026-01-26T23:17:11","guid":{"rendered":"http:\/\/www.pctfm.pl\/?page_id=23"},"modified":"2026-01-28T20:04:46","modified_gmt":"2026-01-28T20:04:46","slug":"zakres-uslug","status":"publish","type":"page","link":"https:\/\/www.pctfm.pl\/index.php\/zakres-uslug\/","title":{"rendered":"Zakres us\u0142ug"},"content":{"rendered":"\n<p>W PCT &#8222;Power Connect Tech&#8221; skupiamy si\u0119 na realizacji projekt\u00f3w w trzech obszarach zapewniaj\u0105c odpowiedni\u0105 obs\u0142ug\u0119 w terminie, bud\u017cecie i jako\u015bci. <\/p>\n\n\n\n<div class=\"wp-block-buttons is-layout-flex wp-block-buttons-is-layout-flex\">\n<div class=\"wp-block-button is-style-outline is-style-outline--1\"><a class=\"wp-block-button__link wp-element-button\"><strong>Power &#8211; Zarz\u0105dzanie projektami<\/strong><\/a><\/div>\n<\/div>\n\n\n\n<p class=\"has-text-align-center\"><br>Zaplanuj Wykonaj Sprawd\u017a Dzia\u0142aj i Usprawniaj<\/p>\n\n\n\n<ul class=\"wp-block-list\">\n<li>Analiza lub przygotowanie koncepcji projektu<\/li>\n\n\n\n<li>Okre\u015blenie zasad wsp\u00f3\u0142pracy i bud\u017cetu<\/li>\n\n\n\n<li>Przygotowanie analizy proces\u00f3w i najbardziej wydajnego rozwi\u0105zania<\/li>\n\n\n\n<li>Ustalenie harmonogramu i potrzebnych zasob\u00f3w do realizacji<\/li>\n\n\n\n<li>Realizacja projektu z pe\u0142nym nadzorem i kontrol\u0105 jako\u015bci<\/li>\n\n\n\n<li>Bie\u017c\u0105ce raportowanie i rozwi\u0105zywanie problem\u00f3w<\/li>\n\n\n\n<li>Kontrola bud\u017cetu, jako\u015bci i bezpiecze\u0144stwa ludzi i zasob\u00f3w<\/li>\n\n\n\n<li>Testy, odbiory i przekazanie do dzia\u0142ania<\/li>\n\n\n\n<li>Monitorowanie dzia\u0142ania i przygotowanie usprawnie\u0144 celem ci\u0105g\u0142ego doskonalenia<br><\/li>\n<\/ul>\n\n\n\n<div class=\"wp-block-buttons is-layout-flex wp-block-buttons-is-layout-flex\">\n<div class=\"wp-block-button\"><a class=\"wp-block-button__link wp-element-button\"><strong>Connect &#8211; Okablowanie strukturalne i wdro\u017cenia IT<\/strong><\/a><\/div>\n<\/div>\n\n\n\n<p><\/p>\n\n\n\n<ul class=\"wp-block-list\">\n<li>Realizujemy projekty wykonawcze oraz wdra\u017camy z pe\u0142n\u0105 realizacj\u0105 instalacje okablowania strukturalnego poziomego i pionowego <\/li>\n\n\n\n<li>Pe\u0142na dostawa materia\u0142\u00f3w i rozwi\u0105za\u0144 w oparciu o wysokiej jako\u015bci materia\u0142y sprawdzonych producent\u00f3w od okablowania, osprz\u0119t po szafy rack, listw zasilaj\u0105cych<\/li>\n\n\n\n<li>Przeszkolony i wyposa\u017cony zesp\u00f3\u0142 z kompetencjami technicznymi i mi\u0119kkimi<\/li>\n\n\n\n<li>Wsp\u00f3lnie z Klientem okre\u015blamy zakres, doradzamy rozwi\u0105zania, wspieramy w procesie budowy nowych instalacji lub przebudowy<\/li>\n\n\n\n<li>W ramach us\u0142ug realizujemy relokacje biur uwzgl\u0119dniaj\u0105c pe\u0142ny zakres projektu <br>z wy\u0142\u0105czeniem serwerowni i relokacj\u0105 oraz uruchomienie, relokacj\u0105 sprz\u0119tu IT i testami <\/li>\n<\/ul>\n\n\n\n<div class=\"wp-block-buttons is-layout-flex wp-block-buttons-is-layout-flex\">\n<div class=\"wp-block-button\"><a class=\"wp-block-button__link wp-element-button\"><strong>Connect &#8211; Budowa &amp; Modernizacja instalacji zasilaj\u0105cych <\/strong><\/a><\/div>\n<\/div>\n\n\n\n<p><\/p>\n\n\n\n<ul class=\"wp-block-list\">\n<li>Przygotowanie projektu oraz wszelkich wymaganych oblicze\u0144 i rozwi\u0105za\u0144<\/li>\n\n\n\n<li>Wykonujemy kompleksow\u0105 instalacje sieci zasilaj\u0105cych dla powierzchni biurowych<\/li>\n\n\n\n<li>Dostarczamy wszystkie materia\u0142y oraz przygotowujemy ca\u0142\u0105 infrastruktur\u0119 pod Klienta<\/li>\n\n\n\n<li>W ramach us\u0142ugi dostarczamy okablowanie, osprz\u0119t, rozdzielnice z pe\u0142nym zakresem <br>pomiar\u00f3w i protoko\u0142\u00f3w<\/li>\n<\/ul>\n\n\n\n<div class=\"wp-block-buttons is-layout-flex wp-block-buttons-is-layout-flex\">\n<div class=\"wp-block-button\"><a class=\"wp-block-button__link wp-element-button\"><strong>TECH &#8211; Wsparcie techniczne ekosystem\u00f3w budynkowych<\/strong><\/a><\/div>\n<\/div>\n\n\n\n<p><\/p>\n\n\n\n<ul class=\"wp-block-list\">\n<li>Projektowanie instalacji technicznych budynk\u00f3w<\/li>\n\n\n\n<li>Realizacja projekt\u00f3w przebud\u00f3w instalacji budynkowych w tym rozbudowy nietypowych pomieszcze\u0144 lub powierzchni<\/li>\n\n\n\n<li>Analiza nietypowych zakres\u00f3w oraz sprawdzenie dost\u0119pnych rozwi\u0105za\u0144 na rynku<\/li>\n\n\n\n<li>Wsparcie w zakresie doradztwa technicznego bran\u017cowego<\/li>\n\n\n\n<li>Ocena, Audyty i Raporty techniczne<\/li>\n<\/ul>\n\n\n\n<p><\/p>\n","protected":false},"excerpt":{"rendered":"<p>W PCT &#8222;Power Connect Tech&#8221; skupiamy si\u0119 na realizacji projekt\u00f3w w trzech obszarach zapewniaj\u0105c odpowiedni\u0105 obs\u0142ug\u0119 w terminie, bud\u017cecie i jako\u015bci. Zaplanuj Wykonaj Sprawd\u017a Dzia\u0142aj i Usprawniaj<\/p>\n","protected":false},"author":1,"featured_media":0,"parent":0,"menu_order":0,"comment_status":"closed","ping_status":"closed","template":"","meta":{"footnotes":""},"class_list":["post-23","page","type-page","status-publish","hentry"],"_links":{"self":[{"href":"https:\/\/www.pctfm.pl\/index.php\/wp-json\/wp\/v2\/pages\/23","targetHints":{"allow":["GET"]}}],"collection":[{"href":"https:\/\/www.pctfm.pl\/index.php\/wp-json\/wp\/v2\/pages"}],"about":[{"href":"https:\/\/www.pctfm.pl\/index.php\/wp-json\/wp\/v2\/types\/page"}],"author":[{"embeddable":true,"href":"https:\/\/www.pctfm.pl\/index.php\/wp-json\/wp\/v2\/users\/1"}],"replies":[{"embeddable":true,"href":"https:\/\/www.pctfm.pl\/index.php\/wp-json\/wp\/v2\/comments?post=23"}],"version-history":[{"count":8,"href":"https:\/\/www.pctfm.pl\/index.php\/wp-json\/wp\/v2\/pages\/23\/revisions"}],"predecessor-version":[{"id":110,"href":"https:\/\/www.pctfm.pl\/index.php\/wp-json\/wp\/v2\/pages\/23\/revisions\/110"}],"wp:attachment":[{"href":"https:\/\/www.pctfm.pl\/index.php\/wp-json\/wp\/v2\/media?parent=23"}],"curies":[{"name":"wp","href":"https:\/\/api.w.org\/{rel}","templated":true}]}}